*p + 168, -3*d = -d + 2*p - 300. What is the highest common factor of d and 96?
3
Let p(g) = 3*g**2 - 7*g - 778. Let v be p(31). Calculate the highest common divisor of v and 16.
16
Suppose -10*c + 31*c + 12390 = 0. Let o = -560 - c. Calculate the highest common divisor of 78 and o.
6
Let h be (6100/(-8050)*-23)/(2/(14*1)). What is the greatest common divisor of h and 6?
2
Let m = 129 + -81. Let s(q) = q + 8. Let a(z) = -z**3 + 13*z**2 + 28*z + 34. Let n be a(15). Let w be s(n). Calculate the greatest common factor of w and m.
12
Suppose 12*w - 16 = -28. Let q(r) = 8*r**2 - 10*r + 3. Let h be q(w). What is the greatest common factor of h and 9?
3
Let n(t) be the third derivative of -t**5/12 - t**4/8 - 16*t**3/3 + 27*t**2. Let x be n(-5). Let w = -87 - x. What is the highest common divisor of 5 and w?
5
Suppose l + 2*l = 24. Let z = -59521 + 59543. What is the highest common divisor of l and z?
2
Let v(d) = 11*d + 40. Let w(n) = 11*n + 39. Let c(u) = -7*v(u) + 6*w(u). Let f be c(-6). Let k = -54 - -94. Calculate the greatest common divisor of f and k.
20
Let o be 10/4 + -1 + (-5)/(-10). Suppose o*y = 5*y - 84. Let r be 20/2 - (-2 - -5). Calculate the highest common divisor of y and r.
7
Suppose -14*x + 16278 = -19632. What is the greatest common factor of x and 1755?
135
Let m = 4870 - 3090. Calculate the highest common factor of 60 and m.
20
Suppose -1564 = -52*c + 9876. Calculate the greatest common divisor of c and 352.
44
Let s be 613 + ((-448)/16 - -12). What is the highest common factor of 199 and s?
199
Suppose 52*s - 13*s = 16575. What is the highest common factor of 187 and s?
17
Suppose 136 + 452 = 3*d + 4*i, -3*d = 3*i - 594. What is the greatest common factor of 1173 and d?
51
Let y = 131 - -28. Let i be -106*144/(-192)*24/9. What is the highest common divisor of y and i?
53
Let v be ((-2 + 8)*-420)/((-3360)/4480). Calculate the highest common factor of v and 735.
105
Suppose -3*p + 27 = 6*p. Suppose 9*y = p*y + 18. Calculate the highest common divisor of y and 33.
3
Let f be 2 + (3 - 0) + (259 - 0). Suppose 0 = -57*v + 72*v - 990. Calculate the highest common divisor of v and f.
66
Let g be ((-240)/220)/((-1)/11). Suppose -36 = -2*s - m, s - 4 = 3*m - 0. What is the greatest common divisor of g and s?
4
Suppose -6 = -2*m, 0 = 3*r + 17*m - 21*m - 27. Suppose -3*b - 225 = -6*b. Let n = b - 36. Calculate the greatest common factor of n and r.
13
Let r = 595 + -489. Let x = r - 48. Calculate the greatest common factor of 87 and x.
29
Suppose 0 = x - 11 + 6. Let d be x + -2 + 2 + -2. Let n be 8/6*15*d. Calculate the highest common factor of 45 and n.
15
Let r be ((-15)/(-2))/((-3)/(-6) + 0). Suppose -r*a = -17*a + 8. Calculate the greatest common divisor of a and 3.
1
Let r(s) = 286*s**2 - 287*s**2 + 0*s - 7*s + 22. Let x be r(-9). Suppose x*o + 3*q = o + 96, q - 140 = -5*o. Calculate the greatest common factor of o and 18.
9
Let c(r) = r**2 + 42*r - 305. Let g be c(15). What is the highest common divisor of g and 1760?
110
Let f = -5452 - -5758. What is the highest common divisor of 3009 and f?
51
Suppose 9*t - 693 - 739 = 521. What is the highest common divisor of t and 837?
31
Let v be (30/(-12) + 2)*(-2 - 8). Suppose -38 + 288 = v*g. Calculate the highest common factor of g and 225.
25
Suppose 45*t - 22*t + 46*t - 32568 = 0. What is the highest common factor of t and 1829?
59
Let c be ((-174)/232)/(6/(-112)*2). Suppose 2*g - 5 = c. Let q be 579/6 - 1/2. Calculate the greatest common factor of g and q.
6
Let z(m) = -2507*m + 10733. Let p be z(4). Let d = 0 - -15. Calculate the highest common factor of d and p.
15
Suppose 4*x = -0*x + 184. Suppose 247*w - 103 - 360 = 31. What is the greatest common factor of x and w?
2
Let q(n) = n**3 - 12*n**2 + 22*n + 20. Suppose -31 - 9 = -4*d. Let k be q(d). Let y = 51 - 31. Calculate the greatest common divisor of k and y.
20
Let t(c) = 4*c**2 - 2*c + 1. Let g be t(1). Suppose 28 = g*z - 98. Let d(r) = -8*r + 4. Let s be d(-3). What is the highest common divisor of z and s?
14
Suppose -4*i = -3 - 5. Suppose n + i = 2*n. Suppose f + 65 = n*f + c, -4*f = -2*c - 248. What is the highest common divisor of 7 and f?
7
Let h(w) = w**3 + 15*w**2 + 9*w - 13. Let m be h(-13). What is the highest common divisor of 3302 and m?
26
Suppose -2*d - 4*x = 12, 4*d - 4*x + 0*x - 36 = 0. Suppose 0 = d*l - 127 - 53. Let h = -38 + l. What is the greatest common divisor of h and 42?
7
Suppose 2*z = -4*n + 171 + 341, 0 = -3*z - n + 788. Let b be z*-1*(-4)/12. Let i be 26/2 - (6 - 4). Calculate the highest common factor of i and b.
11
Let m be 57/(-95) + (-4)/10 + 7. Suppose -m*d + 87 + 177 = 0. What is the greatest common factor of d and 11?
11
Suppose 2*i - 5*n - 646 = 0, 5*n - 369 + 61 = -i. Let d = -258 + i. What is the greatest common factor of d and 390?
30
Let x(c) = 4*c - 6. Let g be x(-6). Let y be 10/g + (-85)/(-3). What is the greatest common factor of y and 56?
28
Let n be (0 - -6) + (-108)/(-36). Suppose -n*f + 210 + 258 = 0. What is the highest common divisor of f and 39?
13
Let l(w) = 6*w**2 + 41*w + 32. Let z be l(-6). Calculate the highest common factor of z and 27.
1
Let p = -165 + 312. Let a = p + 61. Calculate the highest common factor of a and 13.
13
Let p(x) = -x - 5. Let t be p(-9). Let o(i) = i**3 - i**2 + 4*i. Let z be o(t). Calculate the highest common divisor of 16 and z.
16
Let r(h) = h**2 + 4*h - 6. Let x be r(-6). Let d be 12/(-10)*(-105)/14. Suppose 33 = 12*t + d. What is the highest common divisor of t and x?
2
Let z(s) = s**2 - 3*s - 17. Let n be z(-4). Suppose -i + n*i = 200. Let u be (-2)/(-8) - 1278/(-8). What is the highest common factor of i and u?
20
Let o be (-4 + 46/8)*12. Suppose 11 + o = 4*z. Let x(s) = 3*s - 47. Let b be x(29). Calculate the highest common divisor of z and b.
8
Suppose 146 = 2*x + 4*j + 80, x = -4*j + 39. Let i(v) = -2*v. Let y be i(-2). Suppose y*z + 4 = 28. What is the greatest common divisor of z and x?
3
Suppose -63 = -4*j + 3*u + 186, 5*u + 121 = 2*j. What is the highest common divisor of j and 207?
9
Let k = -94 + 167. Let h = -1120 + 1266. What is the greatest common factor of k and h?
73
Let o = 131 + -129. Suppose 0 = q - 4, p - q = o*p - 11. Calculate the highest common factor of p and 28.
7
Let g(o) = -o**2 - 3*o + 12. Let r be g(-5). Let l be (10 + -20)*(-1)/r. Let q = 519 + -489. Calculate the greatest common divisor of q and l.
5
Let i be ((-63)/6 - 2)/(33/(-330)). Calculate the highest common factor of 1 and i.
1
Let s = 75 + -35. Suppose -12 = 11*v - 177. What is the greatest common divisor of v and s?
5
Let k = 75 + -9. Let r(a) be the third derivative of 19*a**4/12 - 5*a**3/2 + 10*a**2 + 4*a. Let z be r(3). Calculate the greatest common factor of z and k.
33
Let o = 35 + -344. Let z = 333 + o. Let v be 4/14 + 1676/14. Calculate the highest common divisor of z and v.
24
Let t(g) = 6*g**2 - 2*g + 27. Let i(k) = -3*k + 45. Let c be i(9). Suppose -9*b = -6*b - c. Let u be t(b). Calculate the greatest common factor of u and 21.
21
Let x(u) = -160*u + 552. Let r be x(-5). Calculate the greatest common factor of 1183 and r.
169
Suppose -5*b - 3*h = 2*h + 10, 5*b - 26 = 4*h. Suppose -6*t = b*t + 24. Let i be 4/(t/(-18)*2*2). What is the greatest common factor of i and 66?
6
Suppose -15*z + 60 = 15*z. Let t(a) = 37*a**2 - 3*a - 2. Let n be t(z). Calculate the greatest common divisor of n and 84.
28
Let p(k) = 38*k**2 - 4*k + 3. Let j be p(-6). Let d(b) = 3*b**2 - 138*b + 549. Let m be d(4). Calculate the highest common divisor of j and m.
45
Let k(c) = c**3 - 6*c**2 - 5*c - 9. Let p be k(7). Suppose -10 + 5 = p*f. Let o be 434*(-4)/8*f. Calculate the greatest common factor of o and 31.
31
Let u(d) = -14*d + 871. Let h be u(56). Calculate the highest common factor of 232 and h.
29
Suppose d = -3*b + 27, 5*d = 4*b + 298 - 201. Let r(g) = -g**3 + 2*g**2 - 1. Let h be r(2). Let f = 2 - h. What is the greatest common divisor of d and f?
3
Let l = 26 + -10. What is the greatest common factor of l and 64?
16
Let y(b) = -b**3 - 15*b**2 + 18*b + 336. Let j be y(-15). Calculate the highest common divisor of j and 3410.
22
Let l be 4*(-99)/66*2/(-4). What is the greatest common divisor of 1341 and l?
3
Suppose q - 92 = -0*q - 2*l, -177 = -2*q + 3*l. Let g = 